 -3) prime?
True
Is 211489/(-38)*(1 - 3) a composite number?
False
Let z(l) = -62*l**2 - l + 2. Let v(d) = -93*d**2 - d + 3. Suppose 0 = -13*s + 11*s + 14. Let m(i) = s*z(i) - 5*v(i). Is m(4) a composite number?
False
Let d(h) be the first derivative of -3*h**2/2 + 109*h + 24. Let v be d(0). Suppose j = 518 - v. Is j prime?
True
Let p(y) = -21*y**2 + 73*y**2 + 2*y - 13*y + 22 + 25*y**2 + 14. Is p(5) a composite number?
True
Is (-6)/(-9) + (-911258)/(-6) + -9 + 3 a prime number?
True
Suppose 0 = -5*l + 928 - 283. Let u = l + 3368. Is u prime?
False
Let r = 126 - 260. Let w = r + 211. Is w prime?
False
Is -111 + 12845 - (-22)/2 a prime number?
False
Let q(s) = 2*s**2 + 2*s - 2. Let w be q(1). Suppose -3*u + 6 = w*j, 9 = 4*u - j + 1. Is (u/(-6))/((-5)/13575) + 2 a composite number?
False
Let z = 13082 - -53249. Is z composite?
True
Let f(p) = -p**3 - 7*p**2 - 5*p + 8. Let j be f(-6). Let i be (5 - 7)*4/(40/(-15)). Suppose -i*m - 4*u + 646 = 0, 2*u + 444 = j*m - 2*u. Is m composite?
True
Let i be (-3 - (-72)/21)/(4/28). Suppose -7*d = i*d - 85630. Is d a prime number?
True
Let n(c) = -2*c**2 - 23*c - 52. Let g be n(-7). Let o(q) = 1639*q - 198. Is o(g) a composite number?
True
Let v(r) = -4*r**2 + 4*r. Let s be v(-3). Let p = s + 37. Let n(a) = a**3 + 15*a**2 + 14*a + 1. Is n(p) composite?
False
Let m = 287949 - -430240. Is m prime?
False
Let t(r) = 7735*r**2 + 30*r + 82. Is t(-3) composite?
True
Let i(c) = 199*c + 675. Is i(28) a prime number?
True
Is 187/11*-1 - -24870 prime?
False
Let f = 1471 - 1015. Let u = f - 997. Let b = 1132 + u. Is b prime?
False
Suppose -744820 = -319*m + 299*m. Is m composite?
True
Suppose 20*a - 19*a = -4*c + 1007, -2*a + 4*c = -1966. Is a prime?
True
Suppose -3905153 = -54*t - 1303811. Is t prime?
False
Is 15/(-40) - (-8)/64*26347 a composite number?
True
Suppose 29*y - 31*y = 3*g - 39493, g = -5*y + 98726. Suppose -4*h + y + 68075 = 0. Is h composite?
True
Let f(y) be the third derivative of y**6/120 + 2*y**5/15 + y**4/3 + 7*y**3/6 - 5*y**2. Let g be f(-7). Is (-2 - g)*(-1547)/14 composite?
True
Suppose 4*i = 4, -3*p - 3*i - 20 = -2*i. Let h(s) = 20*s**2 - 21*s - 16. Is h(p) a prime number?
False
Let m(l) = -255*l - 370*l + 8 + 9. Let r be m(9). Let s = 9299 + r. Is s a prime number?
True
Let s = 842608 - 473919. Is s a composite number?
False
Suppose -15*h + 50 = 5. Suppose -2*y + 4987 + 2720 = 5*n, -h*y = -3*n + 4641. Is n composite?
False
Let t(d) = 130*d**3 - 10*d**2 - 14*d + 95. Is t(6) a composite number?
True
Let v(w) = -7*w - 83. Let i be v(-16). Suppose -480971 + 140308 = -i*n. Is n composite?
True
Let b be (-12)/(-8)*4/3. Suppose 4*d + 33 - 33 = 0. Suppose -4*t = -0*c - b*c + 194, 3*c + t - 263 = d. Is c prime?
True
Let l = -4826 + 61449. Is l composite?
True
Suppose -220 + 214 = -l, -4*q = 5*l - 212378. Is q prime?
True
Let w = 70 - 67. Suppose -b = -5*u - 27, -w*b + 10 = -u - 1. Is (b + 2)/(4671/933 - 5) composite?
True
Let f(c) = -259*c + 65. Let y be f(18). Let x = -1670 - y. Is x a composite number?
False
Suppose 2*w - 41*p - 217463 = -38*p, 0 = 4*p - 20. Is w a composite number?
False
Suppose 1088*r - 9271921 = 522*r + 543*r. Is r a prime number?
False
Let a(p) = p**2 - 3*p + 3. Let i be a(0). Suppose 9*d = 8*d + 5, i*d = 3*m - 7956. Is m a composite number?
False
Let r(v) = -66*v - 119 + 156*v - 39*v. Is r(12) prime?
False
Let v = -37120 + 80313. Is v a prime number?
False
Suppose 3*b - 7*h + 6445 = -2*h, -b - h = 2159. Let j = -1514 - b. Is j composite?
False
Is (12/(-60))/((-12)/171204780) a composite number?
False
Let c = 1243464 + 59743. Is c composite?
True
Let a be ((-6)/12)/(5/(-7210)). Let f be (-1)/(6/52)*-3. Suppose -25*r + f*r - a = 0. Is r prime?
False
Suppose 26*j - k - 90641 = 21*j, -4*j = -5*k - 72496. Is j a prime number?
False
Suppose 3697376 = -31*j + 146*j - 14075069. Is j a composite number?
False
Is 97432/7 - (1026/(-126) - -8) prime?
False
Let n be ((-4)/7)/((-2)/6412). Let p = -1141 + n. Is p composite?
False
Let v(l) = 76*l**3 + 11*l**2 - 106*l + 7. Is v(6) prime?
True
Suppose 12253 + 10357 = 19*p. Let w = 23 + p. Is w composite?
False
Let f(g) = 55*g + 3022. Is f(-23) composite?
True
Is (451148/6)/(169/156 - (-12)/(-16)) a prime number?
False
Let f(g) be the third derivative of g**5/60 + g**4/24 + g**3/3 - 41*g**2. Let l be f(1). Suppose 0*h = z + l*h - 15, -130 = -3*z + 5*h. Is z composite?
True
Let i(d) be the third derivative of 3*d**4/4 + 17*d**3/6 + 20*d**2. Let s be i(20). Suppose b = -5*n + 1980, -n - b - 3*b + s = 0. Is n a prime number?
True
Suppose 5*u - 40354 + 158264 = 5*p, 2*u + 47162 = 4*p. Is -12*((-2)/(-10) + u/140) a prime number?
False
Let z = -151 + -406. Let m be 23976/(-15) - (-6)/15. Let s = z - m. Is s a composite number?
True
Suppose -4*t - z = -5081567, -2*t = z - 1974693 - 566092. Is t a composite number?
False
Let u(r) = 5*r**3 + 21*r**2 + 13*r - 10. Let v be u(9). Let l = v - 2224. Is l a prime number?
True
Let p(z) be the second derivative of 100*z**4/3 + 2*z**3/3 - 29*z**2/2 + 59*z. Is p(4) a prime number?
False
Suppose 5*x - p - 51873 = 338684, -5*p = -4*x + 312433. Suppose -x - 137010 = -58*f. Is f composite?
False
Let p = -110945 - -202434. Is p a composite number?
True
Let a(n) = 1314*n**2 + 24*n + 4. Let q be a(-2). Let g = q - 2199. Is g a composite number?
True
Let b be 38/((-102)/406 - 2/(-7)). Let n = b + 468. Let z = n - -103. Is z prime?
False
Suppose -181*j + 36 = -177*j. Is (-6)/j + 53450/30 a prime number?
False
Let k be (-606)/(-4)*6910/15. Let b = k + -37438. Is b composite?
False
Suppose w - 555 = -4*b, 4*w - 2300 = 7*b - 3*b. Suppose 18882 = w*l - 565*l. Is l a composite number?
True
Let g(l) = 123*l**2 - 232*l - 42. Is g(-45) prime?
False
Suppose 164801 + 93855 = 32*f. Let i = f - 5264. Is i prime?
True
Suppose 3*v - 92673 - 86444 = 4*d, v = 5*d + 59724. Is v composite?
False
Suppose 14*r = 19 + 23. Suppose r*m + 271220 = 23*m. Is m a composite number?
True
Let p be 2*(38/(-190) - 8/10). Let g(x) = -120*x**3 + 5*x**2 - 2*x - 7. Is g(p) prime?
True
Suppose -1362515 = -s - 5*v + 186232, -4*s + 4*v = -6195036. Is s a composite number?
True
Let s = -56 - -68. Is s/1 + (-1)/(-4)*-4 a composite number?
False
Suppose 15*s - 561239 = 535336. Is s composite?
True
Suppose -15*q + 68886 + 6396 + 21753 = 0. Is q a composite number?
False
Suppose -c - 42270 = 207*o - 209*o, -5*o = -5*c - 105665. Is o composite?
True
Let i = 764 - -605. Suppose 0 = -3*k - 4*v, -3*v - 33 = -5*k - 4. Suppose k*y + 626 = s, 3*s - 2*y - 479 - i = 0. Is s a composite number?
True
Suppose -5*t + 3*f = 2*f - 12, 3*t + 4*f = 21. Let g(c) = -9 - 5 + t + 46*c. Is g(9) prime?
False
Suppose -m = q - 7336, 14*q - 19*q = 3*m - 36670. Is q a composite number?
False
Let p = -33 + 50. Suppose 0 = 20*c - p*c - 45. Suppose c = -q + 112. Is q prime?
True
Let k(o) = 4*o + 18119. Is k(0) composite?
False
Let g(j) = -45 + 257*j - 118*j - 56*j. Is g(4) a composite number?
True
Let z = 97072 + -7882. Suppose -z = 12*y - 332178. Is y composite?
False
Suppose -3*q + 345961 + 472448 = 2*n, 3*n + 272814 = q. Suppose 9*t - 48*t = -q. Is t a composite number?
True
Let d be 7842/4 + 3/(-2). Suppose b = 4*x + 3151, -2*x + b - 3*b = 1578. Let v = d + x. Is v a composite number?
False
Suppose 0*d - 5*d - 3*x = -7659, -5*d = -3*x - 7641. Is d*1 + 9 + (1 - 5) a prime number?
False
Suppose -i = -4*d - 250177, 3*d - 344164 = -4*i + 656563. Is i a prime number?
False
Is ((-7022)/20)/((-47)/3055)*2 a prime number?
False
Let q = -8111 + 14065. Suppose 2*m - q = f + 4292, -5*m = 3*f - 25615. Suppose -m = -9*r + 9196. Is r a composite number?
True
Suppose -3*m - 4 + 25 = 3*a, 0 = m - 5. Let j be ((-88)/(-11))/(1/(-2)*a). Is (-2)/j + (-10060)/(-16) - -2 composite?
False
Suppose -f - u = 2*u + 108, 206 = -2*f - u. Let s = -102 - f. Let r(m) = m**2 - 3*m + 265. Is r(s) composite?
True
Suppose -33 - 2 = 5*m. Let g(f) be the first derivative of f**4/4 + 7*f**3/3 - 7*f**2/2 + 9*f + 489. Is g(m) a prime number?
False
Let c(j) = 15*j - 4 - 2*j**3 - 2*j + 7*j - 5*j**2 + 4*j**2. Let h(t) = -11*t**3 + 2*t**2 - t - 1. Let p be h(1). Is c(p) a prime number?
False
Let b = -27 + 47. Let q = -18 + b. Suppose n = q*v + 137, -6*n = -4*n - v - 265. Is n prime?
True
Is 967797/12 + 10/8 + 0 a prime number?
True
Let 